2
Let a = -103 - -110. Suppose 0 = -4*o - a*n + 2*n + 12, 0 = -5*o - n + 36. Calculate the highest common divisor of o and 136.
8
Suppose 5*w - z = 7320, 2*z + 1640 - 167 = w. What is the highest common factor of 286 and w?
11
Let a be (48/10)/((-15 - -20)/(100/8)). What is the greatest common factor of 11772 and a?
12
Let n be ((-5)/2)/(3/(-6)). Suppose 4*r = 2*l + 482, -n*r = -l - 676 + 72. Let o = 9 - -2. Calculate the greatest common factor of r and o.
11
Let u be 8/((-5)/(-15)*1). Let f = 141 + -3. Let c = f - 130. What is the greatest common factor of c and u?
8
Let f = 691 + -693. Let y be ((-1056)/1232)/((-1)/((-168)/f)). What is the highest common factor of y and 504?
72
Let s be 2833/7 - (-15 + 1751/119). Calculate the greatest common divisor of s and 5.
5
Let r = -431 - -430. Suppose -3*w - 611 = -2*h + 6*h, 0 = 3*h + 2*w + 459. Let x be 1/(r - h/150). Calculate the greatest common divisor of 30 and x.
30
Let c be 30/(390/39)*(-1 + 78). Let j be 2 + -3 + 2 - -41. Suppose j = 2*p - 0*p. Calculate the greatest common divisor of c and p.
21
Let f be -2 + 3 - 20/5 - -21. Suppose f*j - 37 = 323. What is the highest common factor of j and 130?
10
Let f(v) = 2*v**3 - 9*v**2 + 12*v - 10. Let i be f(6). Let z = 213 - i. What is the greatest common divisor of z and 1333?
43
Let s be (-9)/(-5) - 17/(-85). Suppose 5*i - 5*j - 348 - 22 = 0, -s*i = 2*j - 160. Calculate the highest common factor of i and 28.
7
Let c = 164 - 92. Let k(q) = -q**2 + 7*q + 42. Let a be k(9). What is the greatest common divisor of c and a?
24
Let p be (232/(-64) - -4)/(1/8). Let y be (p - 21/6)/((-2)/2412). Calculate the greatest common factor of y and 134.
67
Let v = -491 - -608. Suppose 0 = 2*y + 11*y - v. What is the greatest common factor of y and 279?
9
Let k(m) = -14*m**2 + 42 + 15*m**2 + 20 + 6*m. Let z be k(-13). What is the greatest common factor of 17 and z?
17
Suppose -4*v - 5*a = -145, -3*v + 18*a + 103 = 16*a. Calculate the highest common divisor of 56 and v.
7
Let n(f) be the second derivative of 5*f**3/6 - 9*f**2 - 17*f. Let x be n(6). Let i = 10 + x. Calculate the highest common divisor of i and 154.
22
Let m = 2828 - 2182. Let x be 324/8 - (-10)/(-4). What is the greatest common factor of m and x?
38
Let m = 200 + -83. Let s(f) = 13*f - 13. Let a = 826 - 824. Let v be s(a). Calculate the highest common divisor of m and v.
13
Let n = -11832 + 11862. Let r be -5*3*2*-1. Calculate the highest common divisor of n and r.
30
Suppose -4*q - 9 = 11, 2*q = -2*c + 16. Calculate the greatest common factor of 29107 and c.
13
Let a = 8028 + -7990. Calculate the highest common factor of 8626 and a.
38
Let j = 182 + -105. Suppose -i + 3*b = -21, 3*i - j = b + b. What is the greatest common factor of i and 27?
27
Let m be (-13)/26*-4*2. Suppose -m*f + 4*g = -88, 83 + 29 = 4*f + 2*g. Calculate the highest common divisor of f and 650.
26
Suppose -2*t = -177 + 59. Suppose 4*b = -y + 29275 + 17920, 35405 = 3*b - y. Suppose -j = -21*j + b. Calculate the greatest common factor of j and t.
59
Let a be 1052 + 37/((-148)/8). Calculate the highest common divisor of 1950 and a.
150
Suppose 1137 = 53*m - 294. What is the highest common factor of 45 and m?
9
Let b = 2630 - 2614. What is the highest common factor of 9 and b?
1
Suppose -s - 4*q = -0*s - 352, -5*q - 352 = -s. Let b(h) = -3*h - 7. Let d be b(-6). Calculate the highest common divisor of s and d.
11
Let f = -655 - -879. Suppose 0 = a + 4*s - 40, -2*a - 2*s + 47 = -5*s. Calculate the highest common factor of a and f.
28
Let p = 25 + -39. Let a(i) = i**3 + 13*i**2 - 14*i + 12. Let v be a(p). What is the highest common divisor of v and 384?
12
Let f = -51 + 66. Suppose -f*w + 10*w = -3*s + 225, 4*w + 12 = 0. Let t = s + -8. Calculate the highest common factor of 155 and t.
31
Let j(o) = -3*o + 87. Let h be j(33). Let k be 1056/4 + 4/(16/h). Calculate the greatest common divisor of 9 and k.
9
Let h(m) = 10*m**2 - 2*m - 2. Let p be h(-1). Let n = -6 + p. Suppose -120 = v - n*v. What is the greatest common factor of v and 5?
5
Let d be ((-17666)/(-1))/(62/(-19 - -50)). Calculate the highest common factor of 11 and d.
11
Let s be (-4 - 46/5)*(-20)/6. Suppose 197 = 5*l + 12. Suppose -t + l = -73. Calculate the highest common factor of s and t.
22
Suppose 396 = 4*n - 3*f - 0*f, 4*f - 16 = 0. Suppose -39698*v = -2*i - 39701*v + 165, -5*i - 4*v = -374. What is the highest common divisor of i and n?
6
Let d(x) = -30*x - 206. Suppose -5*c + 12 = -2*l - 7, -2*l - 23 = -c. Let y be d(l). Let j = 30 - 16. What is the greatest common factor of y and j?
14
Suppose 4*i + 231 = 3*d, 0*i - i = -3. Suppose 5*a - d = -2*c, 0*a + 90 = 3*c - 3*a. Calculate the greatest common factor of c and 22.
11
Suppose -4*i = 5*w + 121, -3*i - 3*w - 93 = -0*i. Let u = i - 2. Let a = 93 + u. Calculate the highest common factor of 76 and a.
19
Let o(m) = -165*m + 310. Let n be o(-25). Let k be 1/(6 - n/740). What is the highest common divisor of 37 and k?
37
Let d(m) = -424*m + 20. Let g(u) = 423*u - 21. Let v(h) = -5*d(h) - 6*g(h). Let o be v(-1). Calculate the greatest common divisor of o and 12.
12
Let o = 456 + -451. Suppose 3*q = o*n - 839, 0*n = -3*n - q + 509. What is the highest common factor of n and 13?
13
Let t be 1*94*((-27)/(-6) + -5). Let x = t + 50. Suppose 0 = -h + x*w + 23, 6*h - 5*h = 5*w + 33. What is the highest common divisor of 2 and h?
2
Let p be ((2 - 2)*(1 - 2))/(-1). Suppose p = 13*d - 3*d - 1280. Calculate the highest common factor of d and 16.
16
Let b be 12/15 + -15 + 14292/60. What is the greatest common divisor of 98 and b?
14
Let v = -14766 + 14857. Calculate the highest common divisor of 6097 and v.
91
Suppose 1059 = 3*d - 3*r, 12*d - 1783 = 7*d + 14*r. What is the greatest common factor of d and 243?
27
Let u(a) = 5*a - 11. Let i be u(8). Let y(t) = -8 - 12 - 293*t + 17. Let k be y(-1). Calculate the greatest common divisor of i and k.
29
Suppose -474 - 462 + 355 = -83*t. Calculate the greatest common divisor of 5033 and t.
7
Let h = 1207 - -80. Let j = 150247 - 150130. Calculate the greatest common factor of j and h.
117
Let p(b) = -b**3 + 27*b**2 - 49*b - 21. Let q be p(25). What is the highest common divisor of 46 and q?
2
Let n be (-6)/27 - ((-111846)/54 + 5 + 9). Calculate the highest common divisor of n and 136.
17
Let q(c) = -2*c**2 - 16*c - 6. Let i be (-5 - (-6 + 2))*4. Let m be q(i). What is the greatest common divisor of m and 130?
26
Let i = -59 - -65. Let q(l) = 4*l**2 - 6*l - 1. Let v be q(i). Suppose 5*t - 4*t - v = -5*r, 78 = 3*r - 4*t. What is the highest common factor of r and 77?
11
Let g = -14188 - -14694. Calculate the highest common factor of g and 44.
22
Suppose 28 - 26 = 3*q + 2*c, 0 = c + 5. Suppose q*h = 6*h - 114. What is the highest common divisor of h and 9?
3
Suppose -4*z + 25986 = 55*v - 58*v, 0 = z + v - 6500. What is the highest common divisor of z and 38?
38
Suppose -2*x = 0, 3*x = -0*a - a - 6. Let t(h) = -16*h**2 - 24 + 15*h**2 + 8*h - 20*h. Let r be t(a). Calculate the greatest common divisor of r and 8.
4
Let i = 804767 - 804734. Let l(q) = 12*q**3 + 3*q**2 + 3*q - 3. Let b be l(4). What is the greatest common divisor of b and i?
33
Let f be (-79)/2*2 - (3 + -5). Suppose 0 = -3*y - 2*y - 3*r - 223, 5*r = -5*y - 215. Let i = y - f. Calculate the greatest common factor of i and 6.
6
Let b = -1364 - -2461. Suppose b = 45*r - 343. Let m(x) = x + 1. Let g be m(3). What is the greatest common factor of r and g?
4
Let p be (-1)/6 - 134787/(-18). Calculate the highest common factor of p and 36.
36
Let z(m) = -m**3 + 27*m**2 - 89*m - 22. Let s be z(22). What is the greatest common factor of 200 and s?
40
Suppose d = w + 86, 3*w = 4*d - 0*d - 349. Suppose -d*y = -95*y + 252. Calculate the highest common divisor of y and 168.
21
Let g(u) = -19*u + 151 - 84 - 73 + 52*u**2. Let d be g(5). What is the highest common divisor of 11 and d?
11
Let t be 18 - (-9)/(243/189)*(-1 - 0). What is the greatest common factor of 34177 and t?
11
Suppose 3*y - 2*y = 2*r + 174, 3*r = 5*y - 898. Suppose -3*m = -y - 130. What is the greatest common divisor of m and 78?
26
Let r(x) = x**3 - 9*x**2 - 15*x - 250. Let l be r(12). Suppose 15 = 4*y - 1. Let h be y/4 + (0 - -2). Calculate the highest common divisor of h an